57?
-136891
In base 13, what is 2c5911c + 2?
2c59121
In base 6, what is -31252544 + -34?
-31253022
In base 7, what is 265 + 162163?
162461
In base 2, what is -101 + -100111000010101001011100?
-100111000010101001100001
In base 7, what is 354 - 1005345?
-1004661
In base 10, what is -8934 + -256?
-9190
In base 12, what is 0 + -1354b55?
-1354b55
In base 11, what is -2 - -1135068a?
11350688
In base 9, what is 2082 - -4336?
6428
In base 13, what is -186 - -30199a?
301814
In base 7, what is 12001 - 4634?
4034
In base 5, what is 13031 + 1203020?
1221101
In base 5, what is 43320021 - 1100?
43313421
In base 13, what is -449b6 + -1c?
-44a05
In base 9, what is 1748 + 31845?
33704
In base 12, what is -10 - -883a964?
883a954
In base 5, what is -20 - 23203224?
-23203244
In base 12, what is -2 + -25895a8?
-25895aa
In base 11, what is -1 + 5894911?
5894910
In base 12, what is -8 - -3817606?
38175ba
In base 10, what is -28276 - 419?
-28695
In base 14, what is 73a64a + -5?
73a645
In base 11, what is -21 + -a2504a?
-a25070
In base 10, what is 2419786 - -39?
2419825
In base 4, what is 11 + -23012220201321?
-23012220201310
In base 5, what is 1221142404 - 1?
1221142403
In base 10, what is 47842 + 312?
48154
In base 16, what is -28 - 4933ac?
-4933d4
In base 11, what is -1133 - -159650?
158518
In base 12, what is 8 - 220b196?
-220b18a
In base 13, what is 5 - -3255242?
3255247
In base 15, what is 4a8 + 2679?
2b32
In base 10, what is 11 + 1707339?
1707350
In base 9, what is -1 + -3535885?
-3535886
In base 4, what is -3001003213 - 1?
-3001003220
In base 14, what is -3b01b + -b6?
-3b0d3
In base 8, what is -206671 + 666?
-206003
In base 2, what is -10 - 111111001101001001110?
-111111001101001010000
In base 13, what is 6 - 196a1b2?
-196a1a9
In base 7, what is 114 + 15220464?
15220611
In base 8, what is -1236 - 21426?
-22664
In base 3, what is 200102 + -200121121011?
-200120220202
In base 4, what is -1312321 - -102011233?
100032312
In base 7, what is -3 - 230121661?
-230121664
In base 7, what is -156200 + 156?
-156011
In base 5, what is -22033242321 + 0?
-22033242321
In base 6, what is -1333 + 3502321?
3500544
In base 6, what is 1 + 325441152?
325441153
In base 13, what is -1320 - -5ca72?
5b752
In base 13, what is -12b - -1624?
14c6
In base 13, what is 33b7 - -b24?
420b
In base 13, what is -4728 - 21b?
-4946
In base 14, what is -66 + 9a70?
9a08
In base 15, what is d05a200 - -1?
d05a201
In base 7, what is -2224536 - 40?
-2224606
In base 8, what is 2353 - 463434?
-461061
In base 3, what is -21000 - 20210202?
-21001202
In base 12, what is 651618 + 19?
651635
In base 2, what is 1011101 - 100101011100101110?
-100101011011010001
In base 12, what is 3 + -17554b87?
-17554b84
In base 5, what is 40012141302 - 0?
40012141302
In base 4, what is -12310000310 + 1?
-12310000303
In base 11, what is 34 + 1017752?
1017786
In base 12, what is -4 + 8a437?
8a433
In base 4, what is 2230 - -1021222133?
1021231023
In base 4, what is -3120 + 11022101?
11012321
In base 10, what is 2160 - -65358?
67518
In base 15, what is bc81 + 7?
bc88
In base 15, what is -15 + -7db7?
-7dcc
In base 8, what is -216 - -6006722?
6006504
In base 16, what is -274e + -a70?
-31be
In base 6, what is 15103400 - 22?
15103334
In base 11, what is 0 + 27693562?
27693562
In base 8, what is 4 - 1412643731?
-1412643725
In base 7, what is -2651324 + -13?
-2651340
In base 15, what is 8d + -65554?
-654b6
In base 9, what is -1803315 + -2?
-1803317
In base 3, what is -221222120 + -20222021?
-1012221211
In base 2, what is -10000110011 - -11011110100011000111?
11011110010010010100
In base 7, what is -15 + -11152140?
-11152155
In base 6, what is 1511015242 - -1?
1511015243
In base 7, what is -1423 + 6560425?
6556002
In base 15, what is -21d4b + 8c?
-21cae
In base 13, what is -608 + -217042?
-21764a
In base 12, what is -4125b7b + -5?
-4125b84
In base 6, what is -1305302 + -2311?
-1312013
In base 11, what is -266a531 + -16?
-266a547
In base 3, what is -110001202210122 - 1?
-110001202210200
In base 7, what is 12 + 2313325?
2313340
In base 7, what is 41116441 + 4?
41116445
In base 9, what is -116153 - -6352?
-108701
In base 9, what is -3 - -17404321?
17404317
In base 11, what is -51 + -2589156?
-25891a7
In base 4, what is 203103 + -32221013?
-32011310
In base 11, what is -1660 + -162?
-1812
In base 7, what is -1132 + -365162?
-366324
In base 9, what is 3606460414 - 3?
3606460411
In base 10, what is -169625 - -327?
-169298
In base 12, what is 346 - -59393?
59719
In base 2, what is 111011111011001 - -1101011111?
111101100111000
In base 5, what is 114 - 3333303224?
-3333303110
In base 7, what is 4 + -2233514241?
-2233514234
In base 8, what is 2110217236 + 1?
2110217237
In base 11, what is 4666875 + 45?
466690a
In base 5, what is -242 - -1044414003?
1044413211
In base 7, what is -1110046 + 144?
-1106602
In base 6, what is -105451342 + 1233?
-105450105
In base 15, what is -9b4a - 2bd?
-9e18
In base 3, what is 122120 - -12121121?
20021011
In base 15, what is -ed9 - 60e?
-15e8
In base 2, what is 100 + -11000011111111000001110101?
-11000011111111000001110001
In base 6, what is 31 - 5210434?
-5210403
In base 4, what is 2220011 - -20101121?
22321132
In base 7, what is -53514 + 336643?
253126
In base 6, what is 11335 - -1013034?
1024413
In base 10, what is -44944667 - 4?
-44944671
In base 15, what is -77 + -1ccdd3?
-1cce5a
In base 8, what is 35063 + 13673?
50756
In base 7, what is 44 - 3326102?
-3326025
In base 13, what is -657 - 6b5c7?
-6bc51
In base 12, what is 13a8b4 - 14?
13a8a0
In base 15, what is 19ee - d572?
-ba73
In base 16, what is 3 - -b53736?
b53739
In base 14, what is -b494d6 - 1b?
-b49513
In base 11, what is 529657 + 8?
529664
In base 11, what is -566411 - -2?
-56640a
In base 3, what is 2111000221 + 102101111?
2220102102
In base 9, what is 77 - 241621?
-241533
In base 2, what is -110111 + -110001110111?
-110010101110
In base 13, what is -a517 - -54c?
-9c98
In base 15, what is -1a - -14898?
1487d
In base 5, what is -13 + 4244124020?
4244124002
In base 5, what is -3211 + -442210443?
-442214204
In base 5, what is 20141 - 132302?
-112111
In base 2, what is 111 + 100011001011000001011100?
100011001011000001100011
In base 3, what is 1212220212022100 - -12?
1212220212022112
In base 15, what is 3c + 681a8?
681e5
In base 5, what is -1132031 - 3243?
-1140324
In base 10, what is 21900 + -1498?
20402
In base 6, what is 123124101 - -2?
123124103
In base 4, what is 122 - 31030?
-30302
In base 9, what is 286 + 81277?
81574
In base 7, what is 12315 - -136245?
151563
In base 8, what is 164263 + 1713?
166176
In base 10, what is 28346 + -14923?
13423
In base 8, what is -433 + 114174?
113541
In base 3, what is -121122 - -121222122?
121101000
In base 10, what is -4172 - 2530?
-6702
In base 9, what is 183 + -6736362?
-6736168
In base 16, what is -4 - -6d6217e?
6d6217a
In base 9, what is 33236 + 513?
33750
In base 13, what is 1 + 354a61?
354a62
In base 10, what is -2357 - 985?
-3342
In base 10, what is 204 - -1232013?
1232217
In base 10, what is -87 + 3081016?
3080929
In base 5, what is -411400220 - -4?
-411400211
In base 10, what is -359896 + -246?
-360142
In base 9, what is -43580462 - 51?
-43580523
In base 4, what is -1310300320 + 12300?
-1310222020
In base 8, what is 21634 - 1115?
20517
In base 9, what is -224785484 + 0?
-224785484
In base 16, what is -c93b15 + -7?
-c93b1c
In base 9, what is 4570720 - -1?
4570721
In base 12, what is 8236 - ab0?
7346
In base 7, what is 324 - -122040?
122364
In base 15, what is -2 - -167d27?
167d25
In base 4, what is 0 - -1032211121?
1032211121
In base 5, what is 30221 - -301?
31022
In base 10, what is 75813119 + 18?
75813137
In base 10, what is -47 - 189570?
-189617
In base 6, what is -2311552020 + 2?
-2311552014
In base 4, what is 11 + 13220033203332?
13220033210003
In base 4, what is 1 + -3333112213?
-3333112212
In base 7, what is -1411335 - 3633?
-1415301
In base 10, what is 0 - -12814211?
12814211
In base 2, what is -101110101001101111010 - 10101001?
-101110101010000100011
In base 13, what is -1a98874 + 23?
-1a98851
In base 4, what is 130 + 201123100?
201123230
In base 14, what is 657c2c - -3?
657c31
In base 3, what is 1011211222 - -2002?
1011221001
In base 2, what is -100101001010101011 + -1110011101?
-1001010110010010